he units digit of l?
9
Let g(a) = 29*a**3 + a**2 + 3*a - 10. What is the tens digit of g(3)?
9
Let d(b) = -b + 16. Let v be d(12). Let h = 10 - v. Suppose -h*z = -2*z - 124. What is the units digit of z?
1
Suppose -7*a + 4*d - 2600 = -10*a, -2*a = -3*d - 1722. What is the hundreds digit of a?
8
Suppose 158 = -n + 4*p, -2*n + p = -3*n - 148. What is the units digit of ((-90)/(-4))/((-15)/n)?
5
Let a = 20 + -15. Suppose 2*j = a*n - 3*j - 15, -n - 2*j = -6. Suppose -n*h - 3 = -115. What is the tens digit of h?
2
Suppose -8*m + 7946 = -2078. What is the units digit of m?
3
Let f(a) = -a**3 + 23*a**2 - 30*a + 47. What is the hundreds digit of f(20)?
6
Let c = -19 + 9. Let f be c/(-45) - 500/(-18). Suppose -3*q = -128 - f. What is the units digit of q?
2
Let j(m) = m**3 + 13*m**2 + 5*m. Let u be j(-10). Let r = u - 145. What is the tens digit of r?
0
What is the thousands digit of 542772/162 + (-12)/27?
3
What is the hundreds digit of (-1 - -6)*(-11661)/(-345)?
1
Let w = -97 + 228. Let c = w - 43. What is the units digit of c?
8
Let i(a) = -49*a - 71. What is the units digit of i(-6)?
3
Suppose 0*h - 2*h - 70 = -t, 5*h = -3*t - 164. Let n be (-130)/20 + 6/(-4). Let x = n - h. What is the tens digit of x?
2
Let w(r) = 3*r + 19. Let h be w(6). What is the tens digit of 15/(-45) + (h/3 - 2)?
1
Suppose 5*y = -3 - 212. Let h = y - -162. What is the units digit of h?
9
Let m = 3 - 0. Suppose -p + 127 = 4*p + m*v, 4*p - 100 = -2*v. What is the units digit of (-1)/(-3) + p/3?
8
Suppose -4*g + 0 = -8. Let q be (5 + 1)/((-1)/g). Let a = q + 16. What is the units digit of a?
4
Suppose -3*r - 3*t - 760 = -2134, 3*t - 2296 = -5*r. What is the units digit of r?
1
Let r = 3 + -4. Let o(f) be the first derivative of 11*f**3 - f**2 - f + 59. What is the units digit of o(r)?
4
Suppose -42*o - 30 = -47*o. Suppose -10*a = -o*a - 180. What is the units digit of a?
5
What is the units digit of (-23)/(23/2) - -1084?
2
Let t(r) = -4*r + 71. Let o be t(16). Suppose -b + 1104 = o*b. What is the units digit of b?
8
What is the units digit of (-75)/(-11) + (-54)/(-297) + 1877?
4
Suppose -5*v = -5*b + 25, -4*b + 24 = -2*b + 5*v. Suppose 46 = -3*j + 5*d, -12 - b = 2*j - d. Let z = j - -20. What is the units digit of z?
3
Suppose 2*m = -w + 2, -4*w + 3*w = -3*m - 2. Suppose 0 = -2*x + 5*x - 3*d - 123, -3*x + 5*d + 113 = m. What is the tens digit of x?
4
Suppose -3*s + 1434 = 3*r, 94*r = 93*r + 5. What is the hundreds digit of s?
4
Let s(f) = f**3 + 11*f**2 - 6*f - 27. Let c be s(-11). Let u be 97/5 - 2/5. Let r = c - u. What is the tens digit of r?
2
Suppose -12 = 5*s + 13. Let q = 175 - s. Suppose -4*j = -4*a + q, 7 = -3*a - 4*j + 107. What is the units digit of a?
0
Suppose -57562 = -25*i - 9*i. What is the tens digit of i?
9
Let k be -6 + -1 + 5 + -2. Let s be 6 + 0*2/(-4). Let q = s + k. What is the units digit of q?
2
Suppose 99 + 33 = 2*v. What is the units digit of -2 - (v/15)/(1/(-15))?
4
Let z be -1 + (12 - 4) + 2. Suppose 0 = -3*q + z. What is the units digit of q?
3
Let a(b) = 5*b**3 - 4*b**2 - 3. Let d be a(3). Suppose 8*v - 16*v + d = 0. What is the units digit of v?
2
Suppose 4*j - 10*j + 36 = 0. What is the tens digit of 8/(-12)*(-513)/j?
5
Let x be (18/21)/((-1)/(-14)). Suppose x*k - 9*k = -39. Let a = k + 27. What is the tens digit of a?
1
Let l(t) = -84*t**3 - t**2 - 4*t - 4. What is the tens digit of l(-1)?
8
Suppose -5*p + 6*p = 2. What is the units digit of (-4 - -5)/2*p?
1
What is the tens digit of (-8)/(-52) - 21861/(-117)?
8
Let h(l) be the first derivative of l**3/3 + l**2 + 100*l - 19. What is the hundreds digit of h(0)?
1
Let q(t) = 96*t - 27. Let y be q(6). Suppose 47*n - 44*n = y. What is the units digit of n?
3
Let o(q) = -q**2 + 2*q + 3. Let u(b) = b**2 - 3*b - 2. Let v(c) = 4*o(c) + 6*u(c). Let p be v(-7). Suppose 6*x = 3*x + p. What is the units digit of x?
6
Suppose -4*b + 18 = -3*b. Suppose -2*m = -6 + b. Let x(i) = -8*i - 11. What is the tens digit of x(m)?
3
Suppose -2*z + 75*u - 73*u = -3770, -2*z + 3*u = -3765. What is the hundreds digit of z?
8
Suppose 0 = -3*s - v + 1, 3*v + 5 = -2*s - 6. Let l be -10*-9*s/4. Let q = 86 - l. What is the units digit of q?
1
Let m = -1093 + 4052. What is the tens digit of m?
5
Suppose x - 2*x + 104 = 0. Suppose -x = -9*p + 310. What is the units digit of p?
6
Let t(x) = 8*x + 8. Let k be t(5). Suppose -4*p + 4*h + 252 = 0, -p - 2*h + k = 2*h. What is the units digit of p?
0
Let a = 252 + -136. Suppose -54 + 794 = 4*q. Let l = q - a. What is the units digit of l?
9
Suppose 4330 = -138*f + 148*f. What is the units digit of f?
3
Suppose -5*i + 2*y + 11659 + 461 = 0, -7256 = -3*i - 2*y. What is the units digit of i?
2
Let x(b) = 69*b**3 - 3*b + 5*b + 6*b**3 - 3 + 1. What is the tens digit of x(1)?
7
Let u be (-50)/15*(-6)/5. Suppose -3*k - 4*p - 9 - 38 = 0, -k + p = u. What is the units digit of k/21 + 734/14?
2
Let g(l) = -4*l**2 - 3*l + 1. Let s(y) = 5*y**2 + 2*y. Let d(c) = -3*g(c) - 2*s(c). What is the tens digit of d(-6)?
3
Suppose -5*w + 116 = 16. Suppose -w + 16 = -2*o. Let d = o + 10. What is the units digit of d?
2
Let a be (-10)/50 - 562/(-10). Suppose -c + o - 12 = -a, 2*c - 92 = 4*o. What is the units digit of c?
2
Suppose 0 = 5*c + 10627 - 29822. What is the thousands digit of c?
3
Suppose -59 = 2*r - w, 5*w + 82 + 43 = -4*r. Let s = -2 + 0. What is the tens digit of s + 0 - -3 - r?
3
Suppose 3*z + 14 - 29 = 0. What is the units digit of (z + -64)/((-1)/3)?
7
Let p = -816 + 1174. What is the tens digit of p?
5
Let a = 38 - 20. Let d = a - -84. What is the hundreds digit of d?
1
Let n = -1018 + 1506. Suppose 0*w + 3*w = o - 167, -3*o - 4*w + n = 0. What is the units digit of o?
4
Suppose 0 = -4*f - 23 - 37. Let j = f - -25. Let r = j + -1. What is the units digit of r?
9
Let b(s) = 2*s**2 - 19*s - 7. Let g be b(10). Suppose 3*h - 301 = 4*t, 4*h + g*t - 162 = 231. What is the tens digit of h?
9
Let j(a) = a + 9. Let n be j(-9). Suppose 2*w + w - 192 = n. Suppose -5*t = -2*d - w - 31, 0 = 3*t - d - 57. What is the units digit of t?
9
Suppose 0 = 5*l + 3*k - 28, -5*l = -3*k - 4 - 48. Let z be 28/l + (-9)/(-6). Suppose z*w - 4*f = w + 16, 3*w + 5*f + 12 = 0. What is the units digit of w?
1
Let y = -216 - -5970. What is the units digit of y?
4
Suppose -37*m + 34*m = -75. Suppose m*d - 450 = 20*d. What is the tens digit of d?
9
Let n be 20*(-5)/((-10)/(-9)). Let b = 1 - n. What is the tens digit of b?
9
Let k(j) = 32*j**2 - 81*j + 24. What is the hundreds digit of k(12)?
6
Let w(j) = -7*j + 28. Let r be (-4 - (-80)/15)/(2/(-12)). What is the tens digit of w(r)?
8
Suppose -4 = b, -7*k = -4*k + 4*b - 4190. What is the units digit of k?
2
Let o(d) = -d**3 + 35*d**2 - 55*d - 53. What is the units digit of o(14)?
3
Let a(p) = -p**3 + 15*p**2 + 11*p - 1. Let q be a(12). Suppose 0 = -3*d + 2*u - 136 + q, 4*d + 2*u - 560 = 0. What is the tens digit of d?
4
Let t be 9/(-6)*(-60)/9. What is the units digit of 5034/30 + -1 + 12/t?
8
Let s(v) = v**2 + 8*v + 17. Let j be s(-18). Let c = -102 + j. What is the units digit of c?
5
What is the hundreds digit of (-94)/(-5)*(-16 - -51) - -3?
6
Let z = 121 + -18. Suppose -3*l = -134 - z. What is the units digit of l?
9
Let w(r) = -6*r**2 + 17*r**3 + 16*r**3 - 35*r**3 - 2 + 7*r. What is the tens digit of w(-6)?
7
Let x(f) = 12*f - 24. What is the tens digit of x(6)?
4
Let k = -1127 - -2460. What is the hundreds digit of k?
3
Suppose 5*u - 16 = -4*s - 0*s, 0 = 4*u - 5*s + 20. Suppose 0 = -21*z + 7*z + 238. Suppose 5*d + 3*l - 175 = u, -z = -d + 4*l - l. What is the units digit of d?
2
Suppose 8 = 4*z, 882 = -3*d + z - 4*z. What is the units digit of (d/(-10))/(20/50)?
4
Let z be (-10)/(-35) + (-27)/21. Let d = 4 + z. Suppose -l = 2*v + d*l + 18, -l - 3 = 2*v. What is the units digit of v?
1
Let t(v) = -14*v - 28. What is the units digit of t(-12)?
0
Let a be (-38)/(-2) + 0 + 3. Let c = 26 - a. Suppose 3*p = c*p - 73. What is the units digit of p?
3
Let i = 485 - -3731. What is the units digit of i?
6
Let p(q) = q**3 - 6*q**2 - 6*q - 7. Let x be p(7). Suppose x = -3*y + v + 96, 0*y + 4*y - 129 = v. What is the units digit of y?
3
Let y = 20 - 18. Suppose 4*b - 354 = 3*u + 13, -y*b + u = -181. Suppose w + 3*w = b. What is the tens digit of w?
2
Let g(s) = 4*s - 20. Let a be 